 (-2 - 16) + 2 - (15 - -18 - 76)?
27
Calculate -4 - (-19 + (-22 - -63) + -43).
17
What is the value of 2 + -23 + 21 + 11 + -22?
-11
Calculate 16 + 98 + -48 + (-28 - -42).
80
Calculate -136 - (11 - (13 + 18) - 3).
-113
What is -91 + (20 - (11 - 4) - (5 - (0 - 5)))?
-88
What is (-7 - -61 - 41) + -49?
-36
Evaluate 141 + -46 + (5 + -8 - -22) + 24.
138
Evaluate -8 + 1 + 26 + -7 + -8 + (5 - 10).
-1
Calculate -11 + (5 + 4 - (16 + -12 + 1)) - 55.
-62
What is the value of (1 + 7 + 2 - (22 - 25)) + -81?
-68
What is the value of (-59 - -44) + -17 - -40?
8
9 - 14 - -1 - (-3 - -8)
-9
What is the value of 73 + -6 + 3 + (-79 - -51) + 18?
60
Calculate (-3 - -290) + (7034 - 7171).
150
What is (-8 - 67) + (-133 - -141)?
-67
Evaluate 1 + (-17 - -3 - (-49 + 47)) + 29.
18
Evaluate (-65 - (-92 + 15)) + -79.
-67
Evaluate (0 - (60 + 4)) + -3 + (-2326 - -2309).
-84
-7 - (2 + -3) - (75 + -40)
-41
What is -16 + (49 - (70 - 24))?
-13
What is the value of 142 + 5 + 982 + -1015?
114
28 + (1 - -19) + 600 + -686
-38
Calculate (9 + 20 + 6 + 66 - -20) + -14.
107
Calculate 57 - ((-31 - 5) + 44).
49
What is the value of 36 + (-11 - 12) + 20?
33
Calculate -72 + 2 - -139 - 102.
-33
Evaluate (42 - -25) + -46 - 35.
-14
What is the value of -27 - (-22 + -18 - -31)?
-18
(-11 - (-13 - 6) - (-6 + 17)) + 6 + -1
2
Evaluate (-1 - 0) + (-177 + 118 - (13 + 34)).
-107
(-217 - -229 - (-1 + -16)) + 1 + -5 + 2
27
-18 - ((18 - -42) + (9 - 4) - 0)
-83
Evaluate 5 + -5 - 5 - (19 + 20 + 1).
-45
What is (-60 - (-188 - -131)) + (-36 - 0)?
-39
0 + (28 - (-27 + 61)) - (1 + (0 - 14))
7
What is the value of -48 - (-40 + (36 - 27))?
-17
Calculate 334 - 343 - (-3 - (21 + -4)).
11
What is the value of 11 - (-2 + (-9 - (-6 - (-8 + (4 - -3)))))?
17
What is the value of 27 + (2 + (-7 - -3) - (47 + (-104 - -49)))?
33
Calculate (-129 + 192 - 40) + -3 + -132.
-112
What is 22 + -1 + -20 + -36 + 42?
7
Calculate 14 + 20 + -14 + 74 + (-12 - 11).
71
What is the value of (50 - -13) + -57 - ((0 - -36) + -8 + 8)?
-30
What is the value of (7 - 32) + 204 + -191?
-12
Evaluate 197 + -186 - (72 - (-1 - (1 - -4 - 0))).
-67
What is (-65 - -12) + 1 + ((1 - -8) + -7 - 3)?
-53
Calculate 8 + 2 + 7 + -209 + 198 + 24.
30
Calculate -55 + 2 + (-7 - 13 - ((2 - -10) + -28)).
-57
7 + (-1 - -19) + -237 + 51 - -16
-145
Calculate 7 + 11 - (51 + (-15 - -25 - -4)).
-47
-2 + 45 - -34 - 71
6
-7 + 17 - 0 - -1 - (26 - 5)
-10
Calculate 1 + -37 + -239 + (-297 - -554).
-18
What is the value of 17 - -2 - (3 + -5) - 127?
-106
Calculate (-8 + 13 - (-3 + 4)) + (8 - (11 - 8)).
9
(2114 - 2092) + (-6 - (-1 - 0))
17
What is the value of -1 + -1 + (7 - -8) + -3 + 2 + 0?
12
Evaluate 16 + 1 + (-48 - 46 - -67).
-10
What is (-18 - -23) + -9 + 20 + -83?
-67
What is -5 - (2 - 4) - 34 - (-40 - (-14 + -19))?
-30
Evaluate 5 + (-9 - 12) + -7 + (-35 - -2).
-56
Calculate -76 - ((101 - 21) + -239).
83
Evaluate (-23 - (27 - 25 - -43)) + 2.
-66
What is 62 + (-81 - -42) - -48?
71
What is the value of 11 - (22 - (-5 - -1) - -63)?
-78
What is 32 + -3 - -1 - (-17 + 5 + (-15 - -37))?
20
(1 - 62) + 30 + -22 + 11 + -8
-50
Calculate -11 + 25 + (-11 - 10) + (19 - (6 + -6)).
12
What is (11 - (29 - (4 - (4 - 13)))) + -4?
-9
What is the value of (-5 - -12) + -1 - -44 - (1655 - 1665)?
60
What is -38 + -26 + 0 + (-1227 - -1267)?
-24
6 + (-6 + -3 - 18 - 10)
-31
-28 + 2 - (12 + (23 - 10) + -18 + -12)
-21
0 - 12 - (-13 + (1 - 0) + 17)
-17
-13 + (-13 - (22 - -3)) - -6
-45
Calculate (-97 - (71 - 152)) + 6.
-10
What is (-1 + 3 - 5) + 4 - (-838 - -832)?
7
Calculate -28 - (11 + (-3 - 61) - -20).
5
Calculate -38 + 25 + -19 + -2 + 0.
-34
What is the value of -5 - 0 - (2 - 93 - (-957 - -937))?
66
Evaluate 37 - ((-1 - 1) + 30).
9
Evaluate (-16 - 40) + 17 - (-5 + (-6 - (-3 - 5))).
-36
What is the value of -11 - (-12 + 6 + -3 + -16 - -62)?
-48
What is -22 + 27 + 3 + (-1 - (27 + -2 + -4))?
-14
Evaluate -115 - -73 - -90 - -21.
69
Calculate 152 + -88 + (3 - (1 + 18)) - 12.
36
Evaluate -9 + 0 + (5 - 19) - 13.
-36
Evaluate (81 - (-4 + 18)) + -4 + (10 - (-3 + -1)).
77
What is the value of -158 - (97 - 3 - 198)?
-54
What is (-23 - (-26 - 4 - -18)) + (-2 - -2) + 37?
26
(19 + -22 - -15) + -7 + 32
37
What is (10 + (10 - 37 - -6) - -19) + 64 - 1?
71
Calculate -17 - (9 - 79) - 95.
-42
What is 35 - (3 + (-41 - -14) + 27)?
32
Calculate -50 + (-51 - -64) - 44.
-81
Calculate (48 - 2) + (-23 - (-80 - -40)) + -10.
53
What is -36 - (11 + -24 + (63 - 33))?
-53
Calculate -1 - ((-10 - -90) + -81).
0
Calculate -145 - -309 - (68 + 20).
76
Evaluate ((-1 - -2) + -10 + 2 - -2) + -8 + 14.
1
What is 53 - (-9 - -25 - (-12 + (14 - -20)))?
59
What is the value of -77 - (0 - (65 - (49 - 3)))?
-58
Evaluate 14 + (-4 - (-64 + 20 + 38 + (-53 - 0))).
69
What is the value of -18 - (-80 - 53) - (-1 - -11)?
105
Evaluate -21 - ((-11 - -6 - -2) + 6 + 24 + -31).
-17
0 + 39 + 1 + 3
43
What is -24 + (-95 + 82 - (6 - 11))?
-32
What is the value of 18 + (9 - 15) - -12 - 54?
-30
-9 + (-58 - (-42 - 9))
-16
What is -13 + 8 + (21 - 11) + -16?
-11
What is the value of 10 - (85 + -88 - -147)?
-134
What is the value of -17 - (7 - 11) - (3 - -5)?
-21
-2 + 32 - -1 - (8692 - 8576)
-85
What is the value of 47 - 0 - (-3 + 103 + -93)?
40
Calculate 11 - ((-20 - -37) + (3 - (2 + -5 - 1))).
-13
Evaluate 6 + 10 + 12 + 12 + -9 + 45.
76
What is -11142 + 11044 - (6 - 1)?
-103
Calculate 6 - -38 - (-23 - (-15 + (-26 - -29))).
55
Calculate -7 - (45 + (4 - 8 - -8) + -7) - -5.
-44
Evaluate 1 - -7 - 9 - (167 - 199).
31
What is the value of 2 + -38 - (-170 - -171) - -25?
-12
Evaluate 398 + -414 - (3 + -2 + 6).
-23
Calculate -136 + (-108 - (-169 - 37)).
-38
Calculate (-8 - (67 - 38) - -14) + 91.
68
What is the value of -16 + (34 - 20) - 16 - -54?
36
-22 + -11 + (-24 + 32 - 30)
-55
Calculate 133 + -35 + -37 + (-1 - (4 + -19)).
75
What is the value of -4 - (-15 - 32) - 48 - (4 - -1)?
-10
What is -90 + 12 + 31 - (-9 + 1 + (-2 - -1))?
-38
(-6 - -1) + (1 - 9 - -26) + -16
-3
Calculate -78 - (6 + (0 - 16) + 19 + -9).
-78
Evaluate 2 - ((-36 - -99) + -14).
-47
What is -102 + (38 + 84 - 82)?
-62
What is (-10 + 0 - (-242 - -245)) + 16?
3
What is ((60 - 7) + -20 - 31) + -4?
-2
What is 3 + -12 + (-13 - -9) + -9 + 8 + -1?
-15
Calculate (5 - (-32 - 6)) + -8 + 55 + -59.
31
What is the value of -137 + 25 - -49 - -45?
-18
31 - 18 - (15 + -10 + 7 - -61)
-60
-2 + -4 + -2 + (11 - (21 + -10)) + 13
5
What is the value of -23 - (4 + (-41 - -13 - 2))?
3
(-1 - (-5 - (-10 - 2))) + (26 - (-28 + -2))
48
What is the value of 45 + (1 - (2 - -4)) + (62 - 71)?
31
What is (-10 - 14) + -12 - (2 - 9 - (-11 - -11))?
-29
Calculate (55 - -10 - (-27 - -74)) + (16 - 1).
33
What is the value of -27 + -7 + 22 + (-6 - 9)?
-27
Calculate -311 - -195 - (-1 + 2 + 4 - (53 + -42)).
-110
What is the value of 5 + 65 + -9 + (-102 - -92)?
51
39 - (18 + -47 + 20 + -31)
79
Calculate (-4 - -2) + 23 + 73 + -207 + 0 + -6.
-119
What is 5 + (3 - 8) + 9 + (-10 - (26 + 4))?
-31
Evaluate (-2 + 16 - (-55 + 45 + 2)) + 13.
35
What is the value of -25 + 32 - (-93 + 10 + (8 - 0))?
82
What is the value of (-3 - 0) + -3089 + 3070?
-22
What is -3 - 5 - (-84 + 11 - -52) - (-14 - 1)?
28
Calculate (-81 - -43 - -36) + (-1 - 3 - 28).
-34
What is the value of 10 + (-327 - -335) + (1 - -48)?
67
What is the value of 60 + (-67 - 6) + 37?
24
-103 + 75 + -16 + 84
40
Calculate (-15 + 38 - 23) + (-1 - 4).
-5
What is (34 + -58 - (-1 + -3)) + 32 - -113?
125
Calculate 18 - (28 + (-83 - -42)).
31
What is (13 - (8 + 22) - -40) + -18 + 55 + 1?
61
What is the value of 17 + 2 + (72 - 101) + 23?
13
What is the value of 0 + 24 + (-80 - -23) + 64?
31
What is (-1 - -4 - (-3 + 0)) + 59 - (42 + -47)?
70
What is the value of -17 - (-13 + 26 + -11 + -38)?
19
Calculate 22 - (20 - (17 - 2)) - -21.
38
What is the value of (19 - 24) + 8 + (26 - 24) - 7?
-2
Calculate -116 - -113 - (-6 + -4).
7
2 + -8 - (-8874 - -8965)
-97
Calculate (11 - (-8 - (-13 - 1))) + (-25 - 1).
-21
-20 + (-9 - -14) - (-61 - -82) - (-10 - 1)
-25
17 + -51 + 11 - -64
41
Evaluate 2 + 8 + -17 - -6 - (2 - 1 - 69).
67
What is 620 + -640 + 0 + 47 - 3?
24
Calculate -61 + 32 + 161 - ((0 + 2 - -10) + -5).
125
Evaluate 105 + 6 + -43 + (-1 + 1 - 1).
67
What is the value of -11 - ((16 - (41 - 22)) + 25)?
-33
19 - 21 - -3 - 1 - -30
30
What is the value of 3 + -3 - 21 - (-1988 - -1929)?
38
Calculate -13 + (3 - 6 - ((-2